base 11) in base 16?
3
What is 0 (base 7) in base 11?
0
1 (base 14) to base 16
1
Convert 200 (base 4) to base 6.
52
Convert -1 (base 13) to base 6.
-1
37 (base 13) to base 6
114
Convert 104 (base 10) to base 13.
80
Convert -150 (base 9) to base 11.
-105
What is -2e (base 16) in base 13?
-37
Convert -357 (base 9) to base 2.
-100100111
What is 51 (base 9) in base 13?
37
What is -3c (base 14) in base 12?
-46
Convert 435 (base 6) to base 5.
1132
What is a (base 12) in base 5?
20
8 (base 14) to base 6
12
What is -1 (base 3) in base 9?
-1
-12 (base 11) to base 8
-15
What is -145 (base 7) in base 6?
-214
21 (base 3) to base 6
11
-9 (base 16) to base 7
-12
-13 (base 6) to base 4
-21
What is 35 (base 10) in base 5?
120
What is -100 (base 4) in base 10?
-16
Convert 100 (base 5) to base 16.
19
110010 (base 2) to base 11
46
What is a (base 12) in base 13?
a
Convert -40 (base 11) to base 16.
-2c
2 (base 12) to base 10
2
What is 10 (base 2) in base 16?
2
Convert 44 (base 11) to base 12.
40
What is -22 (base 4) in base 6?
-14
31 (base 6) to base 3
201
-12a (base 12) to base 5
-1203
What is b (base 12) in base 8?
13
-4 (base 11) to base 5
-4
What is -10 (base 3) in base 14?
-3
Convert -2 (base 14) to base 5.
-2
222 (base 7) to base 16
72
Convert 42 (base 7) to base 4.
132
Convert -30 (base 9) to base 5.
-102
-1 (base 12) to base 5
-1
What is 13 (base 10) in base 14?
d
4 (base 13) to base 11
4
What is -6 (base 12) in base 3?
-20
What is 36 (base 12) in base 9?
46
-1101 (base 2) to base 5
-23
Convert -1011 (base 3) to base 16.
-1f
1 (base 3) to base 12
1
What is -50 (base 14) in base 5?
-240
7 (base 15) to base 16
7
1d (base 16) to base 11
27
What is 6 (base 12) in base 6?
10
-13 (base 13) to base 8
-20
111 (base 3) to base 7
16
-5 (base 11) to base 16
-5
What is 110110 (base 2) in base 3?
2000
Convert -16 (base 16) to base 10.
-22
Convert -11011 (base 2) to base 13.
-21
Convert -1 (base 3) to base 16.
-1
What is -154 (base 6) in base 14?
-50
Convert 8 (base 15) to base 6.
12
What is 1231 (base 4) in base 3?
11001
Convert 4 (base 14) to base 9.
4
2 (base 9) to base 15
2
What is -4 (base 9) in base 6?
-4
3 (base 8) to base 14
3
-13 (base 11) to base 15
-e
What is -14 (base 6) in base 7?
-13
Convert 0 (base 3) to base 10.
0
-3 (base 13) to base 14
-3
Convert 11 (base 7) to base 5.
13
What is -1111 (base 3) in base 4?
-220
What is -11 (base 6) in base 14?
-7
What is -21 (base 15) in base 16?
-1f
What is -1012 (base 6) in base 15?
-ee
3 (base 15) to base 10
3
Convert -36 (base 10) to base 6.
-100
1 (base 8) to base 7
1
1 (base 11) to base 9
1
3 (base 14) to base 13
3
What is 100 (base 2) in base 10?
4
Convert 115 (base 6) to base 4.
233
265 (base 11) to base 9
377
-101 (base 2) to base 12
-5
-34 (base 13) to base 11
-3a
Convert -10000000 (base 2) to base 10.
-128
b (base 14) to base 7
14
What is -10 (base 6) in base 14?
-6
What is 10 (base 3) in base 8?
3
3 (base 6) to base 15
3
What is -21120 (base 3) in base 4?
-3030
-143 (base 5) to base 8
-60
What is -30 (base 15) in base 7?
-63
33 (base 15) to base 6
120
-2 (base 4) to base 7
-2
-3 (base 12) to base 4
-3
-333 (base 7) to base 10
-171
What is -20 (base 3) in base 10?
-6
Convert 12 (base 3) to base 8.
5
What is 100 (base 2) in base 13?
4
What is 43 (base 7) in base 11?
29
-30 (base 4) to base 13
-c
Convert -110 (base 2) to base 15.
-6
What is 11 (base 2) in base 3?
10
Convert 200 (base 6) to base 15.
4c
What is 101110 (base 2) in base 15?
31
-235 (base 11) to base 4
-10120
100 (base 6) to base 8
44
-4a (base 12) to base 6
-134
10111 (base 2) to base 9
25
Convert 2 (base 7) to base 11.
2
What is -1 (base 6) in base 16?
-1
Convert 0 (base 8) to base 14.
0
Convert 208 (base 9) to base 6.
442
What is 310 (base 5) in base 6?
212
Convert 140 (base 7) to base 2.
1001101
Convert 21002 (base 3) to base 10.
191
-3 (base 6) to base 9
-3
Convert -15 (base 12) to base 5.
-32
113 (base 5) to base 12
29
Convert 110 (base 2) to base 16.
6
0 (base 4) to base 8
0
What is 6 (base 7) in base 4?
12
What is 301 (base 5) in base 6?
204
0 (base 15) to base 2
0
-100 (base 2) to base 4
-10
11100 (base 3) to base 2
1110101
Convert -1010100 (base 2) to base 4.
-1110
Convert 79 (base 12) to base 13.
72
-1113 (base 6) to base 10
-261
What is 2 (base 13) in base 12?
2
What is -2001 (base 5) in base 12?
-18b
Convert -1 (base 12) to base 11.
-1
-74 (base 14) to base 10
-102
2 (base 16) to base 14
2
-1011101 (base 2) to base 13
-72
-1 (base 5) to base 10
-1
Convert -9 (base 13) to base 2.
-1001
-2 (base 12) to base 5
-2
What is -4 (base 11) in base 12?
-4
Convert 5 (base 10) to base 12.
5
What is -14d (base 15) in base 13?
-19c
56 (base 15) to base 9
100
53 (base 9) to base 8
60
Convert 111 (base 3) to base 4.
31
What is 334 (base 6) in base 12?
aa
Convert 2 (base 3) to base 8.
2
Convert -10 (base 5) to base 10.
-5
-cb (base 16) to base 6
-535
Convert 1 (base 4) to base 3.
1
100011 (base 2) to base 14
27
What is -10 (base 7) in base 9?
-7
-44 (base 16) to base 4
-1010
-3 (base 6) to base 14
-3
Convert -4 (base 13) to base 11.
-4
Convert 1 (base 5) to base 3.
1
What is -1 (base 6) in base 13?
-1
What is 13 (base 14) in base 10?
17
What is 13 (base 7) in base 14?
a
What is d (base 15) in base 2?
1101
-33 (base 13) to base 3
-1120
84 (base 14) to base 3
11022
What is -2 (base 10) in base 4?
-2
Convert -17 (base 8) to base 4.
-33
29 (base 10) to base 2
11101
What is 113 (base 8) in base 16?
4b
What is 3 (base 4) in base 15?
3
1221 (base 4) to base 7
210
Convert -13 (base 15) to base 10.
-18
Convert -3 (base 11) to base 6.
-3
1 (base 3) to base 8
1
-24 (base 15) to base 10
-34
Convert -27 (base 10) to base 13.
-21
Convert -13 (base 13) to base 7.
-22
Convert 10201 (base 4) to base 11.
243
What is 20 (base 9) in base 10?
18
What is -5 (base 13) in base 16?
-5
-220 (base 3) to base 13
-1b
What is -4 (base 7) in base 13?
-4
Convert 1041 (base 5) to base 4.
2102
What is 30 (base 11) in base 16?
21
Convert -1 (base 14) to base 8.
-1
71 (base 13) to base 4
1130
What is -9 (base 13) in base 15?
-9
-35 (base 8) to base 5
-104
Convert -23 (base 5) to base 12.
-11
What is -29 (base 12) in base 3?
-1020
Convert -dd (base 16) to base 11.
-191
What is -104 (base 5) in base 9?
-32
Convert 2 (base 10) to base 15.
2
Convert 4 (base 9) to base 14.
4
What is 39 (base 12) in base 13?
36
Convert 32 (base 6) to base 11.
19
What is -20 (base 14) in base 7?
-40
Convert 44 (base 6) to base 11.
26
What is -4 (base 13) in base 10?
-4
What is -73 (base 11) in base 16?
-50
What is 22 (base 5) in base 12?
10
What is -10 (base 2) in base 8?
-2
-6 (base 11) to base 12
-6
Convert -101 (base 6) to base 12.
-31
-10 (base 6) to base 16
-6
What is -61 (base 8) in base 10?
-49
9 (base 14) to base 16
9
-2 (base 16) to base 9
-2
Convert 4 (base 16) to base 9.
4
Convert 100 (base 4) to base 5.
31
What is -3e (base 16) in base 4?
-332
Convert 1 (base 16) to base 3.
1
13 (base 8) to base 11
10
-8 (base 9) to base 15
-8
Convert -8 (base 14) to base 10.
-8
What is 11 (base 2) in base 16?
3
Convert 7 (base 13) to base 16.
7
Convert 4 (base 13) to base 3.
11
Convert 102 (base 3) to base 15.
b
What is 112 (base 4) in base 12?
1a
What is -4 (base 7) in base 4?
-10
210 (base 10) to base 9
253
Convert -27 (base 10) to base 4.
-123
Convert 21 (base 3) to base 9.
7
Convert 303 (base 4) to base 13.
3c
-4 (base 9) to base 12
-4
What is -1 (base 12) in base 4?
-1
What is -17 (base 10) in base 2?
-10001
What is -10 (base 2) in base 12?
-2
a (base 16) to base 12
a
What is 5 (base 7) in base 2?
101
3 (base 16) to base 8
3
What is -14 (base 11) in base 5?
-30
What is -10 (base 4) in base 9?
-4
What is -2a (base 13) in base 6?
-100
Convert 1 (base 4) to base 7.
1
2 (base 9) to base 6
2
2d (base 16) to base 4
231
1 (base 12) to base 7
1
134 (base 8) to base 10
92
Convert 43 (base 6) to base 7.
36
What is -9 (base 14) in base 13?
-9
-2 (base 7) to base 11
-2
What is 7a (base 15) in base 5?
430
-4 (base 6) to base 9
-4
Convert -100 (base 2) to base 6.
-4
Convert -203 (base 5) to base 3.
-1222
Convert 1 (base 12) to base 2.
1
-44 (base 16) to base 15
-48
0 (base 9) to base 6
0
16 (base 11) to base 3
122
Convert -8 (base 16) to base 15.
-8
-31 (base 9) to base 13
-22
114 (base 10) to base 8
162
Convert -31 (b